t a prime number?
False
Let o = -4 + 6. Let y(c) = -c + c**3 - 2 - 4*c**2 - 2*c**o + 0*c**2. Is y(8) prime?
False
Is 0 + ((-82938)/18 - 4)*-3 composite?
True
Suppose s = 5*v - 23102, 6*s - 4*s - 13869 = -3*v. Is v prime?
True
Suppose 3*u - 1699 = 4*t + 809, 5*u - 4*t = 4188. Suppose 0 = 6*o - 4*o - u. Let q = -219 + o. Is q composite?
True
Let n = -20 - -23. Suppose -6*j = -n*j - 1281. Is j a composite number?
True
Suppose 3*d = 15, -5 = a - 5*d + 18. Let y = 7 - 2. Suppose -v = -2*f + v + 356, -359 = -a*f + y*v. Is f prime?
False
Suppose 5*i + 5*s + 25 = 0, 4*i - 3*s + 34 = -0*s. Is (-1 + 2)/(i*1/(-16751)) a composite number?
False
Let s = 65 - 63. Let f(u) = 9*u**3 + u**2 - 6*u + 3. Is f(s) prime?
True
Let v(i) = 6*i**2 + 17*i + 118. Is v(-7) a prime number?
True
Suppose -d = -2*d - 1. Let c = d - -1. Suppose -1191 = -5*b - 4*j, c = 4*b + j - 775 - 169. Is b composite?
True
Suppose -o = 84*m - 89*m - 24207, 48396 = 2*o - m. Is o a composite number?
False
Suppose 4*a = 2*u - 20058, 27*u - 24*u - 3*a = 30099. Is u a composite number?
False
Let w = -1666 - -5511. Is w composite?
True
Suppose -r - 1066 = -3*w + 9410, 0 = -2*w - 4*r + 6970. Is w a prime number?
True
Suppose 4*r - 308 = 5*s - 92, 2*r = -2*s - 90. Let a = -38 + 116. Let i = s + a. Is i composite?
True
Suppose -24*x = -27*x - 36. Let k = 31 - x. Is k a prime number?
True
Let a(n) = -27*n**2 - 20*n - 5. Let z(k) = 7*k**2 + 5*k + 1. Let t(v) = 2*a(v) + 9*z(v). Is t(4) a prime number?
True
Suppose 17*n - 20*n = -1716. Let u = 1723 - n. Is u a composite number?
False
Let r(a) = -6*a**2 - a + 2*a + 5*a**2 + 2*a + 55. Is r(0) prime?
False
Suppose -q - 8 = -4. Let r(z) = -z + 3. Let m be r(q). Suppose m*t - t = 1266. Is t prime?
True
Let h(w) = -221*w - 4. Is h(-7) a composite number?
False
Suppose 0 = 10*r + 4*r - 51562. Is r composite?
True
Let z = 56877 - 34636. Is z a composite number?
True
Suppose -12*s + 393 - 105 = 0. Suppose s*r - 17*r = 931. Is r composite?
True
Suppose -6*r = -1457 - 385. Is r prime?
True
Suppose -4*x - 3*a - 64 = 0, 3*x + 2*a + 2*a + 55 = 0. Let d = x + 10. Is (d - 50)/((-2)/2) a composite number?
False
Let h(b) = -b**3 - 3*b**2 + 4*b - 11. Let g(i) = -i**2 - 1. Let w(v) = -5*g(v) + h(v). Let q be w(6). Let p = q + 217. Is p a prime number?
False
Let b(d) = d**3 - 37*d**2 + 33*d - 32. Let q(x) = x - 1. Let a(p) = -b(p) + 3*q(p). Is a(25) a prime number?
True
Let y = 8 - 6. Suppose 0 = -0*x + x + s - 92, y*x + 5*s - 181 = 0. Is x composite?
True
Let v = 31 + -220. Is ((-1)/3 - -1)/((-18)/v) a prime number?
True
Let m(c) = -4*c**3 - c**2 + 4*c - 5. Let x(s) = 3*s**3 + 2*s**2 - 4*s + 4. Let u(k) = 4*m(k) + 5*x(k). Let l be u(5). Is l - 2 - (-104)/2 a prime number?
False
Suppose -16852 = -6*m + 16946. Suppose m + 2260 = 9*j. Is j prime?
True
Let i(f) = 4*f**2 + 9*f + 12. Let b be i(-6). Let o(t) = -t**3 + t**2 - t + 35. Let p be o(0). Suppose b = j + p. Is j composite?
False
Let w(v) = 93*v + 25. Suppose 5*z + 5*u = 60, -13 = -4*z + 4*u + 19. Is w(z) prime?
False
Is 1069400/120*9/15 a prime number?
True
Let w(x) be the third derivative of -x**7/315 - x**6/144 + x**5/60 - x**2. Let y(q) be the third derivative of w(q). Is y(-6) composite?
True
Suppose 2*u + 2*u = 3*c + 15, 2*c + 10 = 3*u. Suppose u = 12*z - 8*z - 1292. Is z a composite number?
True
Let p be (-596)/(-16)*(-6 - -2). Let w = p - -253. Let f = w - 51. Is f composite?
False
Suppose -5*o - 23 = -2*s, 8*o = 5*s + 3*o - 35. Suppose 4*z + 3*n - 2*n - 2527 = 0, n + 2521 = s*z. Is z a prime number?
True
Let f(l) = -2 + 4 + 194*l + 3 - 621*l. Let z be f(-3). Suppose x - 628 = i, -2*x - 4*i = -0*x - z. Is x prime?
False
Suppose -h + 3 = -3*i, -h - 4*h = i + 17. Is -142*9/12*i a prime number?
False
Suppose -5*d - 269 = -4*g, 0 = 3*g - 6*g + 2*d + 200. Let f = g - -271. Is f a composite number?
False
Let q(b) = b - 2. Let s be q(7). Suppose -s*y + 951 = -1754. Is y a composite number?
False
Let l(s) = -104*s - 17. Let b be (15/(-10))/((-2)/(-12)). Is l(b) a prime number?
True
Let q be (-112)/6*18/(-4). Let z be (-2)/3 - q/(-18). Suppose -754 = -z*d + 10. Is d prime?
True
Suppose 4*i - 8613 = -m, 6*i = 2*i + 5*m + 8607. Is i a prime number?
True
Let i(m) = m - 1. Let h be i(1). Suppose h*j + 2*j = -708. Let p = -191 - j. Is p a composite number?
False
Let u = -25 - -26. Let m be -1 + u + (283 - 1). Let k = m + -71. Is k a composite number?
False
Let h(r) = -2*r**3 - 6*r**2 + 6*r + 8. Let y be h(-6). Suppose -2*z + 4*z = -2*n - y, 3*z + 380 = -4*n. Let m = n - -175. Is m prime?
False
Suppose 3*c - 5*z + 3*z - 30 = 0, -2*z + 10 = 2*c. Suppose 0*r + c = -r. Is (-4 - r) + -6 - -168 composite?
True
Let i(x) = 317*x**2 + 4*x + 1. Suppose -4*b = 5*a + 2, 8*b + 3 = 7*b. Is i(a) a prime number?
True
Is (-3802)/6*(-16 + 13) a composite number?
False
Let d(p) = -211*p - 21. Let b be d(8). Let w = 4366 + b. Is w prime?
True
Let q(f) = 33*f**2 + 14*f + 10. Let l = 130 + -137. Is q(l) a prime number?
False
Suppose -4052 = -2*n + 5*v + 1937, 4*n - 12043 = -3*v. Is n a composite number?
True
Is 922830/228*(2 - 0/1) prime?
False
Suppose -5*j = -2689 - 4426. Is j a prime number?
True
Is 519*5/30*(36 - 2) a composite number?
True
Suppose 3*o - 147 = -2*x, -125 = -4*o + 3*x + 54. Suppose n - 6*n + o = -4*k, 0 = -4*k + 3*n - 49. Let g = 23 + k. Is g prime?
False
Let i = -2565 + 5704. Is i prime?
False
Let x be (-1)/((-2*2)/28). Suppose 0 = -2*p + 7 + x. Let v(n) = -n**3 + 12*n**2 + 9*n - 1. Is v(p) a prime number?
True
Let m be (-4 - 28/(-3))*-3. Let z = m + 23. Let b = z - -52. Is b a prime number?
True
Let y(q) = -779*q - 509. Is y(-72) composite?
False
Let y(c) = -11*c**3 - 18*c**2 - 8*c + 18. Is y(-11) a composite number?
False
Is (387 + (-30)/6)/(4/6) a composite number?
True
Suppose -l - 4*i + 3*i = 4, 3*i + 12 = -4*l. Suppose -5*x - t = l, 0 = -x - x + t - 7. Let j(k) = 82*k**2 - 2*k - 1. Is j(x) prime?
True
Suppose -5*s + 4*s = 0. Suppose -3*t + 478 = r, s = -2*r + t - 2*t + 971. Is r composite?
False
Let p(s) = -4*s - 1. Suppose 3*t = 37 - 106. Is p(t) a prime number?
False
Suppose -5*p + 5845 = -5785. Let i = p - 633. Is i prime?
True
Suppose 102*x + 10245 = 107*x. Is x composite?
True
Let r(d) = -383*d - 1. Suppose s = -4*b + 5, -3*s + 14 = -7*s + b. Let u be r(s). Let h = u + -561. Is h composite?
False
Let l(w) = -7 - 135*w + 12 - 1. Is l(-5) prime?
False
Let m = 41 - 139. Is 42/m - 11696/(-14) a composite number?
True
Suppose 10*z + 33265 - 124575 = 0. Is z a composite number?
True
Suppose -6*n - 42605 = -5*s - 7*n, -5*s + 42605 = 2*n. Is s prime?
True
Let c be ((2 - -1) + -1)*23. Suppose 39 + c = -n. Is (-17)/(n/4200) + -1 composite?
False
Is (-17625)/(-21) + (-24)/84 a composite number?
False
Suppose 3*l + 3*w - 11980 - 11756 = 0, -4*w = -3*l + 23743. Is l a prime number?
False
Suppose -h + 5*o = 28 + 13, -3*h = -5*o + 83. Let b be 44640/35 + 9/h. Suppose 659 = 4*x + a - 341, 0 = 5*x - 5*a - b. Is x prime?
True
Suppose 6*l = 14*l - 49432. Is l a composite number?
True
Suppose 2*s + 0*o = o + 6, 5*s - o = 15. Suppose -4*h - s*w + 138 = 0, -2*w = -2*h + 9 + 53. Suppose k + 12 = h. Is k a composite number?
True
Let r = 103 - -154. Is r composite?
False
Suppose 0 = -714*g + 715*g - 16433. Is g a composite number?
False
Let h = 22 - 18. Suppose h*y = 686 + 2990. Is y a composite number?
False
Let i = 14 + -14. Suppose 3*c + o - 2 = i, -c - o + 3*o = -10. Suppose 2*b - 134 = -4*u, c*b = -0*b - 3*u + 139. Is b a composite number?
True
Suppose -16 = 3*z - 1. Is (91/(-3))/(z/15) a composite number?
True
Let k = -1952 + 7471. Is k a prime number?
True
Let k = -13 - -15. Is (k/6)/((-1)/(-921)) a prime number?
True
Let j(v) = 17*v**2 + v + 3. Let g(r) = -r**2 - 12*r + 13. Let h be g(-13). Suppose h = 4*p - 16, 3*i - i - 26 = -5*p. Is j(i) a composite number?
True
Suppose v = n + 121, 0 = -2*v - 10 + 2. Suppose y = -y - 432. Let t = n - y. Is t a composite number?
True
Let p(y) = y**3 + 21*y**2 - 122*y + 7. Is p(23) a prime number?
True
Let b(d) = -4*d**2 + 14*d - 35. Let y be b(14). Let k = 1060 + y. Is k a prime number?
False
Let o = 481 + -282. Suppose o = i + 19. Let v = i - 113. Is v a composite number?
False
Let v(u) = -u**3 + 14*u**2 - 12*u - 17. Let k(r) = -r**3 - 6*r**2 - 8*r - 3. Suppose 3 - 13 = 2*b. Let i be k(b). Is